{"id":483,"date":"2022-02-03T06:24:00","date_gmt":"2022-02-03T06:24:00","guid":{"rendered":"https:\/\/www.sevaro.eu\/?page_id=483"},"modified":"2022-03-27T19:41:29","modified_gmt":"2022-03-27T19:41:29","slug":"meridians-sp-z-o-o","status":"publish","type":"page","link":"https:\/\/sevaro.eu\/?page_id=483","title":{"rendered":""},"content":{"rendered":"\n<p>G\u0142\u00f3wn\u0105 dzia\u0142alno\u015bci\u0105 firmy Meridian&#8217;s Sp. z o.o. jest catering szpitalny i leczniczy. Firma dzia\u0142a na rynku zam\u00f3wie\u0144 publicznych. Kontrakty pozyskuje w wyniku wygranych przetarg\u00f3w publicznych og\u0142aszanych przez szpitale, zak\u0142ady lecznicze, uzdrowiska  i inne plac\u00f3wki \u017cywienia zbiorowego w obr\u0119bie publicznych us\u0142ug leczniczych . <\/p>\n\n\n\n<p>Posiadamy odpowiednie know-how ulepszane i udoskonalane od 2016 roku, od kiedy rozpocz\u0119li\u015bmy dzia\u0142alno\u015b\u0107 w tej bran\u017cy. Posiadamy profesjonalne wyposa\u017cenie oraz zatrudniamy wyszkolony personel aby spe\u0142ni\u0107 ka\u017cde kryteria zamawiaj\u0105cych. Aktualnie posiadamy kuchnie : w Poznaniu, Sosnowcu, i Bytomiu, kt\u00f3re s\u0105 w pe\u0142ni wyposa\u017cone w profesjonalny sprz\u0119t pozwalaj\u0105cy przygotowa\u0107 posi\u0142ki zgodnie z zawartymi kontraktami. Przygotowujemy dziennie ok 900- 950 posi\u0142k\u00f3w ca\u0142odziennego wy\u017cywienia pacjenta.<\/p>\n\n\n\n<p>W Poznaniu i Wielkopolsce jeste\u015bmy liderem cateringu szpitalnego. W 2020 roku zdobyli\u015bmy dwa kontrakty na G\u00f3rnym \u015al\u0105sku, a w 2021 kolejny trzeci kontrakt d\u0142ugoterminowy na 4 lata.<\/p>\n\n\n\n<p>Rynek ulega wyra\u017anej konsolidacji, pozostaj\u0105 tylko du\u017ce firmy cateringu szpitalnego, zwykle oferuj\u0105cy inne us\u0142ugi dla szpitali &#8211; ochrona lub sprz\u0105tanie. Firma Meridian&#8217;s Sp. z o.o. z racji szczeg\u00f3\u0142owego badania koszt\u00f3w  i wnikliwej analizy finansowej ma mo\u017cliwo\u015b\u0107 konkurowania na rynku z innymi firmami z bran\u017cy. Cechuje nas elastyczne i indywidualne podej\u015bcie do ka\u017cdego kontrahenta i szczeg\u00f3\u0142owe przygotowanie si\u0119 do procedury przetargowej.<\/p>\n\n\n\n<p><a href=\"http:\/\/meridians.pl\/\">http:\/\/meridians.pl\/<\/a><\/p>\n\n\n\n<figure class=\"wp-block-gallery has-nested-images columns-default is-cropped wp-block-gallery-1 is-layout-flex wp-block-gallery-is-layout-flex\">\n<figure class=\"wp-block-image size-large\"><img loading=\"lazy\" decoding=\"async\" width=\"1024\" height=\"576\" data-id=\"537\" src=\"http:\/\/sevaro.eu\/wp-content\/uploads\/2022\/02\/Projekt-bez-tytulu-18-1-1024x576.png\" alt=\"\" class=\"wp-image-537\" srcset=\"https:\/\/sevaro.eu\/wp-content\/uploads\/2022\/02\/Projekt-bez-tytulu-18-1-1024x576.png 1024w, https:\/\/sevaro.eu\/wp-content\/uploads\/2022\/02\/Projekt-bez-tytulu-18-1-300x169.png 300w, https:\/\/sevaro.eu\/wp-content\/uploads\/2022\/02\/Projekt-bez-tytulu-18-1-768x432.png 768w, https:\/\/sevaro.eu\/wp-content\/uploads\/2022\/02\/Projekt-bez-tytulu-18-1-1536x864.png 1536w, https:\/\/sevaro.eu\/wp-content\/uploads\/2022\/02\/Projekt-bez-tytulu-18-1.png 1921w\" sizes=\"auto, (max-width: 1024px) 100vw, 1024px\" \/><\/figure>\n\n\n\n<figure class=\"wp-block-image size-large\"><img loading=\"lazy\" decoding=\"async\" width=\"1024\" height=\"576\" data-id=\"533\" src=\"http:\/\/sevaro.eu\/wp-content\/uploads\/2022\/02\/Projekt-bez-tytulu-24-1024x576.png\" alt=\"\" class=\"wp-image-533\" srcset=\"https:\/\/sevaro.eu\/wp-content\/uploads\/2022\/02\/Projekt-bez-tytulu-24-1024x576.png 1024w, https:\/\/sevaro.eu\/wp-content\/uploads\/2022\/02\/Projekt-bez-tytulu-24-300x169.png 300w, https:\/\/sevaro.eu\/wp-content\/uploads\/2022\/02\/Projekt-bez-tytulu-24-768x432.png 768w, https:\/\/sevaro.eu\/wp-content\/uploads\/2022\/02\/Projekt-bez-tytulu-24-1536x864.png 1536w, https:\/\/sevaro.eu\/wp-content\/uploads\/2022\/02\/Projekt-bez-tytulu-24.png 1921w\" sizes=\"auto, (max-width: 1024px) 100vw, 1024px\" \/><\/figure>\n\n\n\n<figure class=\"wp-block-image size-large\"><img loading=\"lazy\" decoding=\"async\" width=\"1024\" height=\"576\" data-id=\"532\" src=\"http:\/\/sevaro.eu\/wp-content\/uploads\/2022\/02\/Projekt-bez-tytulu-19-1-1024x576.png\" alt=\"\" class=\"wp-image-532\" srcset=\"https:\/\/sevaro.eu\/wp-content\/uploads\/2022\/02\/Projekt-bez-tytulu-19-1-1024x576.png 1024w, https:\/\/sevaro.eu\/wp-content\/uploads\/2022\/02\/Projekt-bez-tytulu-19-1-300x169.png 300w, https:\/\/sevaro.eu\/wp-content\/uploads\/2022\/02\/Projekt-bez-tytulu-19-1-768x432.png 768w, https:\/\/sevaro.eu\/wp-content\/uploads\/2022\/02\/Projekt-bez-tytulu-19-1-1536x864.png 1536w, https:\/\/sevaro.eu\/wp-content\/uploads\/2022\/02\/Projekt-bez-tytulu-19-1.png 1921w\" sizes=\"auto, (max-width: 1024px) 100vw, 1024px\" \/><\/figure>\n\n\n\n<figure class=\"wp-block-image size-large\"><img loading=\"lazy\" decoding=\"async\" width=\"1024\" height=\"576\" data-id=\"539\" src=\"http:\/\/sevaro.eu\/wp-content\/uploads\/2022\/02\/Projekt-bez-tytulu-21-1-1024x576.png\" alt=\"\" class=\"wp-image-539\" srcset=\"https:\/\/sevaro.eu\/wp-content\/uploads\/2022\/02\/Projekt-bez-tytulu-21-1-1024x576.png 1024w, https:\/\/sevaro.eu\/wp-content\/uploads\/2022\/02\/Projekt-bez-tytulu-21-1-300x169.png 300w, https:\/\/sevaro.eu\/wp-content\/uploads\/2022\/02\/Projekt-bez-tytulu-21-1-768x432.png 768w, https:\/\/sevaro.eu\/wp-content\/uploads\/2022\/02\/Projekt-bez-tytulu-21-1-1536x864.png 1536w, https:\/\/sevaro.eu\/wp-content\/uploads\/2022\/02\/Projekt-bez-tytulu-21-1.png 1921w\" sizes=\"auto, (max-width: 1024px) 100vw, 1024px\" \/><\/figure>\n\n\n\n<figure class=\"wp-block-image size-large\"><img loading=\"lazy\" decoding=\"async\" width=\"1024\" height=\"576\" data-id=\"540\" src=\"http:\/\/sevaro.eu\/wp-content\/uploads\/2022\/02\/Projekt-bez-tytulu-26-1024x576.png\" alt=\"\" class=\"wp-image-540\" srcset=\"https:\/\/sevaro.eu\/wp-content\/uploads\/2022\/02\/Projekt-bez-tytulu-26-1024x576.png 1024w, https:\/\/sevaro.eu\/wp-content\/uploads\/2022\/02\/Projekt-bez-tytulu-26-300x169.png 300w, https:\/\/sevaro.eu\/wp-content\/uploads\/2022\/02\/Projekt-bez-tytulu-26-768x432.png 768w, https:\/\/sevaro.eu\/wp-content\/uploads\/2022\/02\/Projekt-bez-tytulu-26-1536x864.png 1536w, https:\/\/sevaro.eu\/wp-content\/uploads\/2022\/02\/Projekt-bez-tytulu-26.png 1921w\" sizes=\"auto, (max-width: 1024px) 100vw, 1024px\" \/><\/figure>\n<\/figure>\n\n\n\n<p><\/p>\n","protected":false},"excerpt":{"rendered":"<p>G\u0142\u00f3wn\u0105 dzia\u0142alno\u015bci\u0105 firmy Meridian&#8217;s Sp. z o.o. jest catering szpitalny i leczniczy. Firma dzia\u0142a na rynku zam\u00f3wie\u0144 publicznych. Kontrakty pozyskuje w wyniku wygranych przetarg\u00f3w publicznych og\u0142aszanych przez szpitale, zak\u0142ady lecznicze, uzdrowiska i inne plac\u00f3wki \u017cywienia zbiorowego w obr\u0119bie publicznych us\u0142ug leczniczych . Posiadamy odpowiednie know-how ulepszane i udoskonalane od 2016 roku, od kiedy rozpocz\u0119li\u015bmy dzia\u0142alno\u015b\u0107 &hellip; <\/p>\n","protected":false},"author":1,"featured_media":0,"parent":0,"menu_order":0,"comment_status":"closed","ping_status":"closed","template":"","meta":{"content-type":"","footnotes":""},"class_list":["post-483","page","type-page","status-publish","hentry","latest_post"],"_links":{"self":[{"href":"https:\/\/sevaro.eu\/index.php?rest_route=\/wp\/v2\/pages\/483","targetHints":{"allow":["GET"]}}],"collection":[{"href":"https:\/\/sevaro.eu\/index.php?rest_route=\/wp\/v2\/pages"}],"about":[{"href":"https:\/\/sevaro.eu\/index.php?rest_route=\/wp\/v2\/types\/page"}],"author":[{"embeddable":true,"href":"https:\/\/sevaro.eu\/index.php?rest_route=\/wp\/v2\/users\/1"}],"replies":[{"embeddable":true,"href":"https:\/\/sevaro.eu\/index.php?rest_route=%2Fwp%2Fv2%2Fcomments&post=483"}],"version-history":[{"count":11,"href":"https:\/\/sevaro.eu\/index.php?rest_route=\/wp\/v2\/pages\/483\/revisions"}],"predecessor-version":[{"id":808,"href":"https:\/\/sevaro.eu\/index.php?rest_route=\/wp\/v2\/pages\/483\/revisions\/808"}],"wp:attachment":[{"href":"https:\/\/sevaro.eu\/index.php?rest_route=%2Fwp%2Fv2%2Fmedia&parent=483"}],"curies":[{"name":"wp","href":"https:\/\/api.w.org\/{rel}","templated":true}]}}