{"id":481,"date":"2022-02-03T06:23:36","date_gmt":"2022-02-03T06:23:36","guid":{"rendered":"https:\/\/www.sevaro.eu\/?page_id=481"},"modified":"2022-03-27T19:42:16","modified_gmt":"2022-03-27T19:42:16","slug":"ciasteczka-zkrakowa-sp-z-o-o","status":"publish","type":"page","link":"https:\/\/sevaro.eu\/?page_id=481","title":{"rendered":""},"content":{"rendered":"\n<p>Firma Ciasteczka z Krakowa&nbsp;to firma wyrastaj\u0105ca z krakowskiej tradycji manufaktury rzemie\u015blniczej. Sprawdzone receptury i r\u0119cznie formowanie nadaje ciasteczkom niepowtarzalny charakter niedost\u0119pny wyrobom przemys\u0142owym. Dba\u0142o\u015b\u0107 o zachowanie proporcji i dob\u00f3r najwy\u017cszej jako\u015bci produkt\u00f3w tworzy niezapomniany smak. Ca\u0142o\u015bci dope\u0142nia niebanalne, eleganckie opakowanie. Nasze wyroby od lat stanowi\u0105 charakterystyczn\u0105 pami\u0105tk\u0119 z Krakowa.<\/p>\n\n\n\n<p><a href=\"https:\/\/ciasteczkazkrakowa.pl\">https:\/\/ciasteczkazkrakowa.pl<\/a><\/p>\n\n\n\n<figure class=\"wp-block-gallery has-nested-images columns-default is-cropped wp-block-gallery-1 is-layout-flex wp-block-gallery-is-layout-flex\">\n<figure class=\"wp-block-image size-large\"><img loading=\"lazy\" decoding=\"async\" width=\"700\" height=\"900\" data-id=\"495\" src=\"http:\/\/sevaro.eu\/wp-content\/uploads\/2022\/02\/babeczka-wielosmakowa-200g.jpeg\" alt=\"\" class=\"wp-image-495\" srcset=\"https:\/\/sevaro.eu\/wp-content\/uploads\/2022\/02\/babeczka-wielosmakowa-200g.jpeg 700w, https:\/\/sevaro.eu\/wp-content\/uploads\/2022\/02\/babeczka-wielosmakowa-200g-233x300.jpeg 233w\" sizes=\"auto, (max-width: 700px) 100vw, 700px\" \/><\/figure>\n\n\n\n<figure class=\"wp-block-image size-large\"><img loading=\"lazy\" decoding=\"async\" width=\"700\" height=\"900\" data-id=\"496\" src=\"http:\/\/sevaro.eu\/wp-content\/uploads\/2022\/02\/bombonierka-pierniczki-zdobione-400g.jpeg\" alt=\"\" class=\"wp-image-496\" srcset=\"https:\/\/sevaro.eu\/wp-content\/uploads\/2022\/02\/bombonierka-pierniczki-zdobione-400g.jpeg 700w, https:\/\/sevaro.eu\/wp-content\/uploads\/2022\/02\/bombonierka-pierniczki-zdobione-400g-233x300.jpeg 233w\" sizes=\"auto, (max-width: 700px) 100vw, 700px\" \/><\/figure>\n<\/figure>\n","protected":false},"excerpt":{"rendered":"<p>Firma Ciasteczka z Krakowa&nbsp;to firma wyrastaj\u0105ca z krakowskiej tradycji manufaktury rzemie\u015blniczej. Sprawdzone receptury i r\u0119cznie formowanie nadaje ciasteczkom niepowtarzalny charakter niedost\u0119pny wyrobom przemys\u0142owym. Dba\u0142o\u015b\u0107 o zachowanie proporcji i dob\u00f3r najwy\u017cszej jako\u015bci produkt\u00f3w tworzy niezapomniany smak. Ca\u0142o\u015bci dope\u0142nia niebanalne, eleganckie opakowanie. Nasze wyroby od lat stanowi\u0105 charakterystyczn\u0105 pami\u0105tk\u0119 z Krakowa. https:\/\/ciasteczkazkrakowa.pl<\/p>\n","protected":false},"author":1,"featured_media":0,"parent":0,"menu_order":0,"comment_status":"closed","ping_status":"closed","template":"","meta":{"content-type":"","footnotes":""},"class_list":["post-481","page","type-page","status-publish","hentry","latest_post"],"_links":{"self":[{"href":"https:\/\/sevaro.eu\/index.php?rest_route=\/wp\/v2\/pages\/481","targetHints":{"allow":["GET"]}}],"collection":[{"href":"https:\/\/sevaro.eu\/index.php?rest_route=\/wp\/v2\/pages"}],"about":[{"href":"https:\/\/sevaro.eu\/index.php?rest_route=\/wp\/v2\/types\/page"}],"author":[{"embeddable":true,"href":"https:\/\/sevaro.eu\/index.php?rest_route=\/wp\/v2\/users\/1"}],"replies":[{"embeddable":true,"href":"https:\/\/sevaro.eu\/index.php?rest_route=%2Fwp%2Fv2%2Fcomments&post=481"}],"version-history":[{"count":10,"href":"https:\/\/sevaro.eu\/index.php?rest_route=\/wp\/v2\/pages\/481\/revisions"}],"predecessor-version":[{"id":809,"href":"https:\/\/sevaro.eu\/index.php?rest_route=\/wp\/v2\/pages\/481\/revisions\/809"}],"wp:attachment":[{"href":"https:\/\/sevaro.eu\/index.php?rest_route=%2Fwp%2Fv2%2Fmedia&parent=481"}],"curies":[{"name":"wp","href":"https:\/\/api.w.org\/{rel}","templated":true}]}}