{"id":478,"date":"2022-02-03T06:21:47","date_gmt":"2022-02-03T06:21:47","guid":{"rendered":"https:\/\/www.sevaro.eu\/?page_id=478"},"modified":"2022-02-03T07:47:58","modified_gmt":"2022-02-03T07:47:58","slug":"o-sevaro-s-a","status":"publish","type":"page","link":"https:\/\/sevaro.eu\/?page_id=478","title":{"rendered":"O SEVARO S.A."},"content":{"rendered":"\n<p>Lubisz s\u0142odycze? My r\u00f3wnie\u017c, jednak tylko te najlepsze \u2013 przygotowane wed\u0142ug tradycyjnych receptur i z naturalnych sk\u0142adnik\u00f3w. Lubimy te\u017c nowo\u015bci dlatego wkr\u00f3tce zaskoczymy Ci\u0119 ciasteczkiem jakiego \u015bwiat nie widzia\u0142 i mamy apetyt na wi\u0119cej\u2026<\/p>\n\n\n\n<p>Ambicj\u0105 Sevaro jest stworzenie grupy kapita\u0142owej, skupiaj\u0105cej producent\u00f3w s\u0142odyczy \u2013 polskie firmy, kt\u00f3re stawiaj\u0105 na jako\u015b\u0107 swoich wyrob\u00f3w i s\u0105 otwarte na innowacyjne rozwi\u0105zania. Pomagamy rozwija\u0107 ich potencja\u0142 oraz skalowa\u0107 biznes. Wybieramy sp\u00f3\u0142ki o solidnych fundamentach, sprawdzonym produkcie i modelu biznesowym.<\/p>\n\n\n\n<p>Jeste\u015bmy sp\u00f3\u0142k\u0105 akcyjn\u0105, dzia\u0142amy zatem te\u017c z my\u015bl\u0105 o naszych akcjonariuszach \u2013 transparentnie i skutecznie.<\/p>\n","protected":false},"excerpt":{"rendered":"<p>Lubisz s\u0142odycze? My r\u00f3wnie\u017c, jednak tylko te najlepsze \u2013 przygotowane wed\u0142ug tradycyjnych receptur i z naturalnych sk\u0142adnik\u00f3w. Lubimy te\u017c nowo\u015bci dlatego wkr\u00f3tce zaskoczymy Ci\u0119 ciasteczkiem jakiego \u015bwiat nie widzia\u0142 i mamy apetyt na wi\u0119cej\u2026 Ambicj\u0105 Sevaro jest stworzenie grupy kapita\u0142owej, skupiaj\u0105cej producent\u00f3w s\u0142odyczy \u2013 polskie firmy, kt\u00f3re stawiaj\u0105 na jako\u015b\u0107 swoich wyrob\u00f3w i s\u0105 otwarte &hellip; <\/p>\n","protected":false},"author":1,"featured_media":0,"parent":0,"menu_order":0,"comment_status":"closed","ping_status":"closed","template":"","meta":{"content-type":"","footnotes":""},"class_list":["post-478","page","type-page","status-publish","hentry","latest_post"],"_links":{"self":[{"href":"https:\/\/sevaro.eu\/index.php?rest_route=\/wp\/v2\/pages\/478","targetHints":{"allow":["GET"]}}],"collection":[{"href":"https:\/\/sevaro.eu\/index.php?rest_route=\/wp\/v2\/pages"}],"about":[{"href":"https:\/\/sevaro.eu\/index.php?rest_route=\/wp\/v2\/types\/page"}],"author":[{"embeddable":true,"href":"https:\/\/sevaro.eu\/index.php?rest_route=\/wp\/v2\/users\/1"}],"replies":[{"embeddable":true,"href":"https:\/\/sevaro.eu\/index.php?rest_route=%2Fwp%2Fv2%2Fcomments&post=478"}],"version-history":[{"count":2,"href":"https:\/\/sevaro.eu\/index.php?rest_route=\/wp\/v2\/pages\/478\/revisions"}],"predecessor-version":[{"id":511,"href":"https:\/\/sevaro.eu\/index.php?rest_route=\/wp\/v2\/pages\/478\/revisions\/511"}],"wp:attachment":[{"href":"https:\/\/sevaro.eu\/index.php?rest_route=%2Fwp%2Fv2%2Fmedia&parent=478"}],"curies":[{"name":"wp","href":"https:\/\/api.w.org\/{rel}","templated":true}]}}